vide 215408412?
True
Is 15 a factor of 40641426?
False
Does 35 divide 37151884?
False
Is 110494832 a multiple of 886?
True
Does 12 divide 32427767?
False
Is 25279940 a multiple of 1855?
True
Does 213 divide 477969870?
True
Is 42 a factor of 226644022?
False
Does 487 divide 863385849?
False
Is 3 a factor of 275315757?
True
Does 541 divide 161003764?
True
Is 17877125 a multiple of 35?
True
Is 7924715 a multiple of 4?
False
Is 168656651 a multiple of 8?
False
Does 606 divide 11218878?
True
Is 86 a factor of 96976008?
True
Is 7 a factor of 267741724?
False
Does 1496 divide 241348184?
True
Is 19168030 a multiple of 469?
True
Does 20 divide 652501234?
False
Is 56 a factor of 34372688?
True
Does 5 divide 67502244?
False
Is 40106036 a multiple of 19?
True
Is 18 a factor of 34221186?
True
Is 129 a factor of 126258105?
True
Does 252 divide 172959495?
False
Does 127 divide 490692612?
False
Does 1093 divide 649617444?
False
Does 9 divide 488156668?
False
Is 6 a factor of 16504487?
False
Is 394598385 a multiple of 327?
False
Is 2840 a factor of 33572806?
False
Is 4 a factor of 725056621?
False
Does 14 divide 594772648?
False
Is 445504710 a multiple of 21?
True
Is 403 a factor of 16442609?
False
Is 121970493 a multiple of 28?
False
Does 523 divide 240451054?
False
Does 579 divide 1937642607?
True
Is 75619152 a multiple of 1029?
True
Does 64 divide 3818033920?
True
Does 380 divide 1878823740?
True
Does 67 divide 5192985549?
True
Is 1605 a factor of 81470667?
False
Is 9653175 a multiple of 3?
True
Is 1014 a factor of 23464476?
False
Does 1824 divide 3048921876?
False
Is 4098 a factor of 2221345488?
True
Is 14 a factor of 680450986?
False
Does 2 divide 20482208?
True
Does 8 divide 1653471136?
True
Is 3962704590 a multiple of 3978?
True
Is 61568352 a multiple of 288?
True
Is 223385210 a multiple of 56?
False
Does 13 divide 14752631?
False
Does 21 divide 12025013?
False
Is 436 a factor of 27762112?
False
Does 10 divide 780845432?
False
Is 242 a factor of 14933178?
False
Is 52 a factor of 72650136?
True
Does 2 divide 143199?
False
Does 144 divide 1323259092?
False
Is 926458718 a multiple of 277?
False
Is 8760449 a multiple of 323?
False
Is 93 a factor of 4848090?
True
Does 351 divide 5405400?
True
Is 9 a factor of 1126364270?
False
Is 332 a factor of 37561152?
True
Is 3281192712 a multiple of 476?
True
Does 637 divide 6752200?
True
Is 73 a factor of 130797838?
False
Does 28 divide 602735000?
True
Is 484419768 a multiple of 5?
False
Is 11912777 a multiple of 9?
False
Does 72 divide 7930851?
False
Is 55 a factor of 291502915?
True
Does 136 divide 247987843?
False
Is 15201756 a multiple of 9?
True
Is 81 a factor of 18498521?
False
Does 477 divide 29007324?
True
Is 1492 a factor of 75387776?
True
Is 22 a factor of 248813774?
True
Does 20 divide 33706400?
True
Is 138466217 a multiple of 639?
False
Is 1760 a factor of 1326226880?
True
Does 926 divide 9197958?
True
Is 1181335403 a multiple of 45?
False
Does 276 divide 303330495?
False
Does 29 divide 3635092?
True
Does 12 divide 25066133?
False
Is 2918 a factor of 740798496?
True
Does 106 divide 28778258?
True
Does 36 divide 107254296?
True
Is 45 a factor of 42896790?
True
Is 80327669 a multiple of 129?
False
Is 5991740239 a multiple of 281?
True
Does 31 divide 223086850?
True
Is 32147154 a multiple of 2054?
True
Is 81788587 a multiple of 29?
False
Does 6 divide 479164472?
False
Does 65 divide 165265230?
True
Is 154 a factor of 12397000?
True
Is 175806935 a multiple of 1028?
False
Is 213327434 a multiple of 8?
False
Is 137 a factor of 181134824?
True
Is 12 a factor of 70739844?
True
Does 84 divide 606427920?
True
Does 1252 divide 86072496?
True
Is 16029323 a multiple of 1410?
False
Is 188 a factor of 21814204?
True
Is 39970293 a multiple of 739?
True
Is 1841209110 a multiple of 13?
True
Is 40 a factor of 334659000?
True
Is 402930481 a multiple of 6989?
False
Is 2055977047 a multiple of 78?
False
Is 27 a factor of 1015121471?
False
Is 8 a factor of 1259745592?
True
Is 4 a factor of 133842308?
True
Does 15 divide 2545614975?
True
Is 41722408 a multiple of 514?
True
Is 61 a factor of 97301161?
True
Is 3302 a factor of 119865902?
True
Is 276267170 a multiple of 2446?
False
Is 14 a factor of 7825049808?
False
Is 745 a factor of 29764985?
True
Is 150371001 a multiple of 78?
False
Does 4 divide 161057304?
True
Does 3 divide 82963874?
False
Is 161 a factor of 57892402?
False
Does 229 divide 69626534?
True
Does 166 divide 226507329?
False
Is 17546217 a multiple of 3?
True
Is 29964886 a multiple of 984?
False
Does 6 divide 18140736?
True
Does 3 divide 106863113?
False
Is 1492352 a multiple of 128?
True
Is 1051668720 a multiple of 720?
True
Does 3287 divide 372400665?
True
Is 1084979493 a multiple of 3231?
True
Does 390 divide 326640375?
False
Does 14 divide 67248034?
True
Does 73 divide 754795180?
True
Is 37 a factor of 359452262?
True
Is 21 a factor of 529733169?
True
Does 15 divide 247257255?
True
Is 113255120 a multiple of 3280?
True
Is 93 a factor of 359425887?
False
Is 69037488 a multiple of 78?
True
Is 430303538 a multiple of 284?
False
Does 179 divide 112669760?
True
Is 119313298 a multiple of 16?
False
Is 9900222 a multiple of 102?
True
Is 36170240 a multiple of 80?
True
Is 1048086465 a multiple of 17?
True
Is 501284451 a multiple of 14?
False
Is 1013182527 a multiple of 7?
True
Is 10602 a factor of 4044026880?
True
Is 15941464 a multiple of 98?
True
Is 1295 a factor of 168109061?
False
Is 246 a factor of 11929262?
False
Does 30 divide 15408720?
True
Is 3264731 a multiple of 21?
False
Does 656 divide 48065120?
True
Is 405 a factor of 61279335?
True
Is 2486 a factor of 553383600?
True
Is 1765 a factor of 123585966?
False
Is 27325212 a multiple of 16?
False
Does 349 divide 897867162?
False
Is 2091625119 a multiple of 27?
True
Is 8 a factor of 40858472?
True
Is 35720497 a multiple of 2571?
False
Is 254622576 a multiple of 208?
True
Is 14 a factor of 65063168?
False
Is 28391232 a multiple of 32?
True
Is 52794412 a multiple of 3?
False
Is 29403270 a multiple of 26?
True
Does 405 divide 32928120?
True
Is 275658780 a multiple of 60?
True
Is 499239153 a multiple of 51?
True
Is 918590956 a multiple of 342?
False
Does 59 divide 59641749?
False
Is 60 a factor of 6201746?
False
Is 35 a factor of 283303230?
True
Does 531 divide 508885082?
False
Is 82 a factor of 110598512?
False
Does 10 divide 1041610?
True
Does 214 divide 203662075?
False
Is 173 a factor of 174603710?
True
Is 367606289 a multiple of 113?
True
Is 27628888 a multiple of 3059?
True
Does 133 divide 47429701?
False
Is 22721028 a multiple of 5?
False
Does 3 divide 167777605?
False
Is 838 a factor of 33362456?
True
Is 2251 a factor of 382350527?
False
Is 205 a factor of 1616127480?
False
Is 474 a factor of 6169805774?
False
Does 641 divide 275088590?
False
Is 30 a factor of 16490941?
False
Is 1152 a factor of 104628096?
True
Is 59 a factor of 1405601014?
True
Is 52 a factor of 230356517?
False
Does 3 divide 2809734?
True
Is 27 a factor of 4562660?
False
Is 59 a factor of 512737022?
True
Is 288336580 a multiple of 49?
True
Is 37227346 a multiple of 16?
False
Does 1019 divide 1451484966?
False
Does 116 divide 15526250?
False
Is 641464734 a multiple of 2466?
False
Is 1402 a factor of 114971010?
True
Is 514957821 a multiple of 9188?
False
Is 25 a factor of 154327175?
True
Does 1691 divide 349363982?
True
Is 7 a factor of 193331852?
True
Is 448158741 a multiple of 1641?
True
Is 65 a factor of 9596829?
False
Is 15579480 a multiple of 102?
True
Is 181 a factor of 2722733140?
False
Does 2142 divide 593578188?
True
Is 1999708048 a multiple of 104?
True
Is 5 a factor of 42639583?
False
Does 11 divide 13293019?
False
Is 2071062 a multiple of 703?
False
Is 7381400 a multiple of 85?
True
Does 102 divide 363821658?
True
Is 122379969 a multiple of 19?
True
Does 236 divide 5005791752?
True
Does 16 divide 349389774?
False
Does 381 divide 30674385?
False
Does 1029 divide 926287278?
True
Is 438 a factor of 38800145?
False
Does 13 divide 3924136086?
True
Is 18 a factor of 10979349?
False
Does 10309 divide 2075717150?
True
Is 1374909414 a multiple of 429?
False
Does 57 divide 7441394?
False
Is 2471 a factor of 74372179?
False
Is 112403480 a multiple of 14?
True
Is 500 a factor of 17457135?
